) = -v**3 + 10*v + z*v - 14*v + 4 + 10. Determine h(0).
14
Suppose -5*m - 4*u + 17 = -2*u, 36 = 4*m - 4*u. Suppose 0*r = m*r - 25. Let d(z) be the third derivative of z**4/24 - z**3 + 2*z**2. What is d(r)?
-1
Let n(y) = 3*y - 14 - y + 49*y**2 - 22*y**2 - 14*y**2 - y**3. Give n(13).
12
Let i(d) be the second derivative of d**4/6 + 31*d**3/6 - 29*d**2/2 + 1832*d + 2. Give i(-16).
-13
Let c(v) = -v**3 + 4*v**2 - v - 1. Suppose -49*u + 200 = 22*u + 29*u. Calculate c(u).
5
Let s(y) = 19*y**2 - 2*y. Let r be -1*((-36)/(-18))/(-1). Calculate s(r).
72
Let m(g) = -g**2 - 7*g - 7. Let i be (-34)/8*(-2 + -6). Let o = -3266 - -3269. Suppose 3*q + i = -5*a, -3*a - 21 = -o*q + 5*q. What is m(a)?
3
Let b(f) be the second derivative of -1/20*f**5 - 25*f + 0 - 4/3*f**3 - 9/2*f**2 - 2/3*f**4. Suppose 0*s = 2*s + 14. Calculate b(s).
-2
Suppose 0 = 4*a + 2*f - 476, -5*f + 3*f = 5*a - 594. Suppose -3*c = -5*p - a, p = -4*p - 2*c - 138. Let w = p - -31. Let x(b) = b - 1. Calculate x(w).
4
Let j = -35 + 35. Let a(x) = 8*x + 6*x**2 - 2*x**2 - 3*x**2 + j*x**2. Determine a(-8).
0
Let y = 2053 + -2051. Let q(w) = 2*w + 4. What is q(y)?
8
Let s(y) = 10*y**2 + 3*y - 40. Let o(v) = -8*v**2 - 4*v + 34. Let t(u) = 6*o(u) + 5*s(u). Determine t(8).
60
Let j(i) = i**3 + 8*i**2 + 2*i + 27. Suppose 34 = -r - 4*a + 6, 0 = 4*r + 3*a + 47. Determine j(r).
11
Let i(q) = q**3 - 3*q**2 - q + 3. Let u be ((-20)/25)/(2/170) + 3. Let t = u - -65. Suppose 5*w + 0*w - 20 = t. What is i(w)?
15
Suppose 4*g - t + 25 = 12, -3*g - 4 = 5*t. Let p(y) = 5*y**3 + 4*y**2 + 4. Let d(b) = 4*b**3 + 4*b**2 + 3. Let s(k) = 4*d(k) - 3*p(k). What is s(g)?
9
Let r(w) = w**3 - 892*w**2 - 6*w + 3*w**3 - 3*w**3 - 1 + 883*w**2. Let d(x) = -x**3 + 7*x**2 + 5*x. Let n(z) = -3*d(z) - 2*r(z). What is n(4)?
6
Suppose 7*v = 6*v + 5*d + 29, -4*d - 29 = 5*v. Let z(r) = 15*r + 28. Determine z(v).
13
Suppose 4*m + 3*g = 2, g - 16 = -3*m + 6*g. Let f(q) = -1 - 29*q**3 - 6*q**m + 6*q + 59*q**3 - 31*q**3. Give f(-7).
6
Let j be (4 + 2)/(-1)*1. Suppose 4*n - 10 + 2 = 0. Let h(l) = 4*l**n + 2*l**3 + 3*l**2 + 55*l - 50*l - l**3 + 3. Give h(j).
9
Let r(w) = w - 11. Suppose 0 = -2*m - 2*m - 4*u + 388, -5*m + 484 = 4*u. Suppose 31*c - 35*c = -m. Let q be -1*(1*c)/(-3). What is r(q)?
-3
Let s(z) = z**3 - 2946 + 5861 - 4*z + 3*z**2 - 2925. What is s(-3)?
2
Let o(h) = -119 - 6*h + 0*h + 78 + 5. Calculate o(-5).
-6
Let g(c) be the second derivative of c**3/6 - 9*c**2 + 25*c. Let n = -2882 - -2894. Determine g(n).
-6
Let o(i) = -i - 18. Let g be ((-20)/(-8))/((-8)/16). Let r(n) = n + 37. Let c(z) = g*o(z) - 3*r(z). Determine c(9).
-3
Suppose 44*n + 44 = 40*n. Let w be (-20)/(-6) + n/33. Let y(q) = q**3 - 4*q**2 - q. Give y(w).
-12
Let j(h) = h**3 + h + 2. Let r be j(-2). Let t(c) = 409 - 127 - 130 + 5*c - 140. Calculate t(r).
-28
Let f(i) = -i - 4. Let j(u) = 2*u + 31. Let n be j(-13). Suppose 0 = 6*z + n*z. Give f(z).
-4
Suppose -6 = 61*v - 67. Let h(p) = -14*p**2 + 5*p - 2. What is h(v)?
-11
Let p(m) be the first derivative of m**4/4 - 23*m**3/3 + 11*m**2 - 30*m - 2558. Give p(22).
-30
Let c = 710 - 708. Let i(w) = 3 - 3 + 11 + c*w**2 - 6 - 2*w. Calculate i(4).
29
Let z(i) be the second derivative of i**7/2520 + i**6/180 + i**5/20 - 27*i**4/4 + 2*i + 55. Let l(g) be the third derivative of z(g). Calculate l(-5).
11
Suppose 5*g = -4*m + 39, 0 = -4*g - 0*m - 2*m + 30. Let o(u) be the first derivative of -u**2/2 - 3*u + 32. Determine o(g).
-10
Let f(d) = d**3 - 10. Let j = 323 + -319. Let h be j*(-2)/4 - (-7 - -5). What is f(h)?
-10
Let x(l) = -3*l + 4*l - 7*l. Let c(t) = t**3 - 18*t**2 + 2*t - 35. Let j be c(18). Suppose -2*r - 7 = -5*a - 3*r, -3*a = -2*r + j. Calculate x(a).
-6
Let j(s) = 2*s**2 - 12*s - 3. Let x be j(6). Suppose -181 = 2*o - 207. Let i(f) = 1 + 16 - o - 2*f + f**3 + 2*f**2. What is i(x)?
1
Let r(f) = -2*f - 14. Let u = -446 + 142. Let n = u - -294. Give r(n).
6
Let x be (34/(-17))/(4/(-6)). Let g(t) = 2*t**2 - 20 + t**3 + 9 - t**2 - 5*t - 2*t**x - 9*t**2. Calculate g(-8).
29
Let d = 2672 + -2676. Let n(g) = -g - 5. Let l(v) = v + 1. Let u(c) = 2*l(c) - 2*n(c). Determine u(d).
-4
Let p = -23/240 + 103/240. Let j(t) be the second derivative of p*t**3 + 9*t + 0 + 1/2*t**2. Calculate j(-4).
-7
Let i be ((-576)/168)/((-6)/(-21)). Let d(x) = 2*x**3 + 23*x**2 - 10*x + 17. Give d(i).
-7
Let c be (-4)/38 - (-1716)/418. Let q(s) = c + 0*s - 18*s + 8*s. Determine q(-3).
34
Let i(j) be the first derivative of -j**3/3 + 7*j**2 - 9*j + 10. Let z be (-15 - (-522)/30)/(((-16)/(-15))/4). What is i(z)?
36
Let q(d) = 2 - 19*d**2 - d**3 - 27*d**2 + 8*d + 39*d**2. Suppose -3*y = -u - u + 34, u = 2*y + 21. What is q(y)?
2
Let k(r) be the first derivative of -r**4/12 - 13*r**3/6 + r**2/2 - 5*r - 55. Let p(c) be the second derivative of k(c). Calculate p(-9).
5
Let n be ((-6)/7)/((-3)/21). Let g(f) = 3*f - 24. Let w be g(n). Let z(d) = -d**2 - 8*d + 3. Calculate z(w).
15
Suppose -17 = 18*j + 109. Let m(a) = 6*a - 10. Let q(p) = 9*p - 14. Let y(f) = j*m(f) + 5*q(f). Give y(-2).
-6
Let p(l) = -l**2 - 7*l - 12. Suppose -220 = -2*u + 550. Let j = u - 390. Give p(j).
-2
Let r(s) = -s**3 - 31*s**2 + 631*s - 13. Let j be r(14). Let d(x) = -9*x**2. What is d(j)?
-9
Suppose -78*y = -82*y - 2*o - 142, 7*o + 101 = -3*y. Let l(c) = c**2 + 33*c - 101. Determine l(y).
7
Let a(q) = -13 - q**3 + 8*q**2 + 8*q + 6*q - 4*q. Suppose x = -3*k - 7 + 42, 0 = 3*k + 5*x - 67. What is a(k)?
-4
Let y(l) be the second derivative of -1/6*l**3 - 56*l + l**2 - 7/12*l**4 + 0. Calculate y(-2).
-24
Let u be (-68)/(-10) + 568/(-710). Let v(i) = i**3 - 7*i**2 + 7*i - 7. Give v(u).
-1
Let t(o) be the second derivative of -o**6/120 + 73*o**4/12 - 11*o. Let a(v) be the third derivative of t(v). Calculate a(4).
-24
Let i(x) = x**3 + 0*x**2 - 6*x + 3 + 0*x**3 + 6*x**2. Let b be 5 + 208/4 - (-2 - 1). Let q = b + -67. Determine i(q).
-4
Let n(d) = 3*d + 9. Let r(j) = -1. Let l(t) = n(t) + 6*r(t). Let x be 2/(-7) - 80/14. Let w be ((-4)/1 - x) + -4. What is l(w)?
-3
Let x(i) be the third derivative of -1/2*i**3 + 1/24*i**4 + 0 - 29*i**2 + 0*i. Suppose 10*u = 5*u - 20. What is x(u)?
-7
Let m be -1 - -2*90/12. Let s(t) be the first derivative of t**3/3 - 7*t**2 + 16*t - 11. What is s(m)?
16
Let j = 317 - 315. Let u(f) = -13*f**2 + 1 - 5*f**j + 2 - 27*f**2 - 2. Give u(1).
-44
Let i(b) be the first derivative of -3*b**4/4 - 7*b**2/2 + 4*b + 22. Let r(o) = -o**2 + o - 1. Let l(g) = i(g) + 4*r(g). Calculate l(-2).
14
Let q(m) = m**2 + 4. Let o = 3184 - 3204. Let p(j) = 8 + 2*j - 4 + 33. Let u be p(o). What is q(u)?
13
Let m(a) = -a**2 - 8*a + 10. Let g be m(-9). Let j be (-11 + -3)*g/2. Let c(v) be the second derivative of v**3/6 - v**2/2 + 2921*v. Calculate c(j).
-8
Let i be (-34)/4 + (-3)/(-6). Let a(z) be the third derivative of -z**4/24 - z**3/2 - 3*z**2 + 15067*z + 2. What is a(i)?
5
Let y(l) = -10*l**2 - l + 1. Let t(f) be the third derivative of f**6/60 + 7*f**5/60 + f**4/4 - f**3/6 + 11*f**2. Let h be t(-5). Let o = h + 107. Give y(o).
-10
Suppose 91*v = 96*v - d, 4*d = -2*v. Let o(u) = u**3 - 3*u**2 + 6. Calculate o(v).
6
Suppose -5*h + 300 = 2*g, 2*h + 5*g - 6*g - 129 = 0. Suppose -h*a - 12 = -66*a. Let p(v) = -3*v - 1 + 1 - 3. What is p(a)?
-12
Let r = 34 + -32. Suppose -4*o = -z - 23, -7*o = -r*o - z - 30. Let u(j) = 36*j**2 - 74*j**2 - 6*j + 37*j**2 - o. Give u(-6).
-7
Let u(d) = 5*d - 63. Suppose -5*j = -4*w + 3*w - 57, 0 = -3*j - 5*w + 23. Let c be u(j). Let l(y) = -y - 4. Calculate l(c).
4
Let g = -987 - -565. Let a = -424 - g. Let c(n) = -4*n**3 - 3*n**2 - n + 1. Give c(a).
23
Let z(l) = l**2 + 9*l + 16. Let n = -2187 - -2181. What is z(n)?
-2
Let t(b) be the second derivative of -5*b**3/6 + 85*b**2/2 + 20*b - 56. Give t(13).
20
Let l(y) = y**2 + 8*y + 3. Suppose 5 = g - 0, -18 = j - g. Let u = j - 3. Let w be (0 + u)*((-49)/(-14) - 3). Determine l(w).
3
Let j(u) = -238*u + 2354 - 2344 + 258*u. What is j(-1)?
-10
Let d(l) be the second derivative of 3*l**4/4 + 5*l**3/3 - l**2/2 + 916*l - 1. Give d(-3).
50
Let b(z) = -z**3 - 12*z**2 + z - 31. Let l be b(-14). Let d(f) = -345 + 691 - l - 4*f. Calculate d(-1).
3
Let u(t) = 2*t + 16. Suppose -37*h - 42*h + 83*h + 72 = 0. Give u(h).
-20
Let u(l) = -l - 15. Let s(r) = r**3 + 6*r**2 + 2*r + 4. Suppose 5*f - 17 = 2*j, -2*f + 